e 2.
11001110000001000000
Convert -1001323012 (base 4) to base 9.
-451354
11022110011201 (base 3) to base 7
25324342
What is -232351 (base 9) in base 14?
-38bc4
What is -284d7 (base 14) in base 16?
-185ad
Convert -1387771 (base 9) to base 2.
-10111011001101011010
Convert -2043131002 (base 5) to base 3.
-22000222101000
816aa0 (base 12) to base 7
23124615
-15143001 (base 6) to base 11
-32a8a2
What is -10353210 (base 9) in base 15?
-68a139
Convert -51639 (base 12) to base 14.
-2aa61
Convert 110221201002022 (base 3) to base 10.
6883280
What is 122230133 (base 5) in base 6?
20322153
-4cea17 (base 15) to base 8
-16057672
Convert 459253 (base 11) to base 7.
6126241
Convert -210012200202 (base 3) to base 8.
-1457326
55d8ca (base 15) to base 6
223442201
What is -112310013 (base 7) in base 16?
-68ed3a
What is 320350450 (base 6) in base 10?
5628702
Convert 38347 (base 14) to base 3.
21000002121
Convert -22402341 (base 5) to base 16.
-30e9a
What is 3507b9 (base 14) in base 10?
1807087
3186774 (base 10) to base 13
877686
13607205 (base 8) to base 16
2f0e85
-11471d (base 14) to base 4
-2033231013
1c820 (base 16) to base 15
248e8
a319 (base 12) to base 9
26283
-23114224 (base 5) to base 4
-302221033
Convert 115351 (base 7) to base 6.
241414
-35a93 (base 12) to base 10
-72399
What is -3785a1 (base 11) in base 14?
-1177d2
110020120000 (base 3) to base 7
2022360
What is -321e0 (base 15) in base 6?
-3224220
-1054432 (base 6) to base 13
-1b866
What is -2066000 (base 9) in base 3?
-2002020000000
-1a45556 (base 13) to base 11
-4989897
Convert 506257 (base 12) to base 16.
1325e3
What is 24245 (base 8) in base 16?
28a5
What is 370520 (base 8) in base 3?
20110122021
What is 1202010101 (base 3) in base 14?
c73c
Convert 1115151 (base 6) to base 11.
39805
Convert -3381605 (base 10) to base 3.
-20100210200122
What is -64261102 (base 7) in base 8?
-24650454
-205004 (base 8) to base 12
-334b0
-2aa77a (base 13) to base 9
-1872277
Convert -32578a (base 11) to base 8.
-1767543
-582347 (base 9) to base 15
-6d837
51010672 (base 8) to base 6
1022243454
What is -385527 (base 13) in base 5?
-321313410
-31201003 (base 5) to base 7
-2115313
412664 (base 8) to base 2
100001010110110100
450250 (base 6) to base 2
1001001100110110
Convert -152e92 (base 16) to base 5.
-323410203
Convert 1dca3d (base 14) to base 3.
2000110202012
510711 (base 8) to base 14
45521
What is -600537 (base 13) in base 14?
-420293
-676285 (base 11) to base 9
-2021463
-1520123 (base 7) to base 9
-344302
What is -1344317 (base 11) in base 15?
-30c18d
Convert 10111010100000010 (base 2) to base 5.
11023430
-6e11d7 (base 15) to base 9
-10820384
What is b530 (base 16) in base 7?
252142
-104214 (base 7) to base 9
-27070
3207457 (base 8) to base 5
204341410
What is -1360355 (base 7) in base 8?
-544607
-306408 (base 10) to base 7
-2414214
611774 (base 9) to base 16
586ea
What is 112bd1 (base 16) in base 4?
10102233101
What is -700737 (base 8) in base 11?
-14776a
What is 11203203100 (base 5) in base 15?
117e86a
-100200120222 (base 3) to base 6
-4030512
What is -101101000111010001111 (base 2) in base 12?
-5b35a7
Convert -18115334 (base 10) to base 4.
-1011012230012
Convert -110001011100101010110 (base 2) to base 6.
-54421234
-32233 (base 5) to base 3
-10000020
306258 (base 10) to base 7
2413611
-250512 (base 10) to base 2
-111101001010010000
Convert 3d815c (base 15) to base 16.
2d386a
430300230 (base 5) to base 15
25a310
What is -1b8954b (base 12) in base 11?
-3373865
4a0b3 (base 13) to base 14
379a0
Convert 30dc5 (base 14) to base 5.
12233334
Convert -2741341 (base 10) to base 16.
-29d45d
-10001110001010011101100 (base 2) to base 12
-1687a10
What is -2000330 (base 5) in base 12?
-16178
Convert -10023111132 (base 4) to base 14.
-2070aa
What is 13720540 (base 9) in base 4?
121331023212
Convert 4101444 (base 5) to base 10.
65874
-622332 (base 7) to base 4
-122000010
-12562122 (base 7) to base 3
-2011211112010
Convert 2d7aa (base 14) to base 4.
123311222
Convert -c7c4 (base 14) to base 2.
-1000011010101000
Convert -342341531 (base 6) to base 11.
-35aa977
What is 183139 (base 11) in base 8?
1047337
Convert -12344344 (base 5) to base 16.
-1dbf9
-1021101120 (base 3) to base 7
-133044
What is -1440cc (base 13) in base 6?
-14333153
What is 40444236 (base 7) in base 2?
1100110111010111010101
What is 273f6 (base 16) in base 14?
4282a
What is 2eb12e (base 16) in base 6?
145330422
Convert 2335702 (base 9) to base 8.
4644466
What is -300e9b (base 15) in base 16?
-22cfcd
-1398dd9 (base 14) to base 15
-c7dbe8
What is -cb853c (base 15) in base 3?
-200020200112210
Convert 1113433 (base 5) to base 13.
9074
Convert 13113021332 (base 4) to base 15.
281c1e
Convert 15366534 (base 7) to base 12.
5b3a53
Convert -474785 (base 10) to base 2.
-1110011111010100001
What is 181492 (base 11) in base 2?
1000100011000011111
What is 5768 (base 11) in base 16?
1d98
Convert -110111011011001101000001 (base 2) to base 12.
-4a48229
What is -9d5af (base 16) in base 4?
-2131112233
201001323013 (base 4) to base 16
841ec7
Convert -63908 (base 11) to base 2.
-10110101100001000
What is 54a7632 (base 11) in base 2?
100100110110000010000001
617407 (base 8) to base 3
101101120222
11140203 (base 8) to base 11
13a5668
Convert 53c8a1 (base 13) to base 3.
10201002022210
Convert -4434101 (base 6) to base 15.
-45de7
What is 625254 (base 15) in base 13?
c78b20
Convert 273a28 (base 11) to base 8.
1507376
1120501 (base 7) to base 6
2553504
What is 33134322 (base 6) in base 2?
11110010010010101010
10312312233 (base 4) to base 9
2350526
35848 (base 16) to base 11
13a770
3434303 (base 5) to base 15
134bd
What is 2112443 (base 7) in base 4?
332112323
What is 523213 (base 6) in base 7?
234015
What is 22bb5 (base 14) in base 16?
14a9b
1030413 (base 6) to base 13
1a0ca
Convert -c52f (base 16) to base 4.
-30110233
What is 1263998 (base 15) in base 3?
220212220212022
Convert 2bb70 (base 12) to base 15.
13633
-148a3 (base 15) to base 5
-4103303
-112201022000202 (base 3) to base 8
-35651343
6490a (base 12) to base 10
132634
What is -1466 (base 10) in base 8?
-2672
What is 215aa2c (base 14) in base 3?
1002202122210021
Convert 328755 (base 9) to base 10.
196718
Convert -1132050 (base 7) to base 6.
-3015100
-357637 (base 8) to base 7
-1020653
What is -138447 (base 9) in base 3?
-11022111121
Convert 4851b (base 14) to base 2.
101011000111101101
-38607 (base 9) to base 13
-bab8
What is -db389 (base 15) in base 11?
-435a57
-a2b25 (base 16) to base 4
-2202230211
Convert -6bb752 (base 13) to base 11.
-14a3981
Convert -4240003 (base 5) to base 15.
-161a3
What is -104aaa (base 14) in base 16?
-867fe
-10010011001001101000010 (base 2) to base 4
-102121031002
-1323030013 (base 4) to base 7
-4201042
What is 11000011100110010110001 (base 2) in base 3?
110001122000221
481886 (base 14) to base 6
124443010
30374557 (base 8) to base 13
143a724
Convert -1005442230 (base 6) to base 11.
-5928499
What is -13177242 (base 9) in base 7?
-106100126
What is -1436064 (base 9) in base 15?
-1098d7
-186838 (base 9) to base 6
-2255442
-2511590 (base 12) to base 14
-d663b6
Convert -3751276 (base 8) to base 16.
-fd2be
Convert b486c (base 15) to base 5.
121303102
What is -813466 (base 11) in base 2?
-100111111001111001110
What is -211123002302 (base 4) in base 6?
-550133042
Convert -20250450 (base 6) to base 12.
-240a26
1211120202 (base 4) to base 15
83096
What is 213133231 (base 5) in base 4?
3132211023
12215426 (base 7) to base 3
2001201111202
Convert 365601 (base 8) to base 3.
20101121012
What is 101311122 (base 4) in base 2?
10001110101011010
-10013123230 (base 4) to base 16
-1076ec
-3591a (base 13) to base 9
-158644
What is 30da (base 16) in base 2?
11000011011010
1143092 (base 10) to base 11
710905
What is -1113003131 (base 4) in base 8?
-1270335
Convert 55202 (base 9) to base 5.
2132424
What is -465021 (base 8) in base 12?
-77695
Convert -16416086 (base 9) to base 14.
-113d2ac
What is -134030444 (base 5) in base 12?
-293023
111112220101202 (base 3) to base 4
123132110201
Convert 5240 (base 10) to base 4.
1101320
Convert -265421 (base 8) to base 4.
-112230101
What is -37412 (base 10) in base 15?
-b142
What is -86079 (base 11) in base 7?
-1031005
Convert -1010001100000000100 (base 2) to base 8.
-1214004
-12120001203 